?
24
Let n(f) = f**2 + 555*f - 81789. What is n(121)?
7
Let i(f) = -f**3 + 31*f**2 + 97*f - 1726. What is i(32)?
354
Let t(i) = 114*i - 686. Determine t(6).
-2
Let d(u) = 214*u + 4500. What is d(-21)?
6
Let d(h) = -10*h**2 - 19*h + 4. Give d(-3).
-29
Let f(c) = 145*c + 5227. Give f(-36).
7
Let f(m) = -97*m + 680. What is f(7)?
1
Let t(i) = i**2 + 50*i - 277. Give t(5).
-2
Let g(i) = 21*i**3 - 861*i**2 + 2*i - 90. Give g(41).
-8
Let n(h) = 13*h**2 + 9*h - 66. What is n(4)?
178
Let f(j) = 5*j**3 - 223*j**2 + 129*j + 31. Give f(44).
-101
Let v(s) = -12*s**2 - 148*s - 39. Determine v(-12).
9
Let l(g) = 892*g - 890. What is l(1)?
2
Let z(x) = 3*x**3 - 103*x**2 + 37*x - 126. Give z(34).
-24
Let z(i) = -i**3 - 15*i**2 - 56*i - 108. Calculate z(-6).
-96
Let f(d) = d**3 - 18*d**2 + 41*d - 13. Calculate f(16).
131
Let u(f) = -f**3 - 31*f**2 - 58*f - 228. Calculate u(-29).
-228
Let l(h) = 33*h - 574. Determine l(16).
-46
Let f(k) = 76*k + 9045. Determine f(-119).
1
Let k(x) = -20*x - 611. Determine k(-43).
249
Let w(v) = -11*v**2 - 1261*v + 469. Give w(-115).
9
Let c(j) = -j**3 - 11*j**2 - 3*j + 147. Determine c(-5).
12
Let c(i) = 37*i + 1200. Calculate c(-34).
-58
Let w(l) = l**2 - 324. Calculate w(-17).
-35
Let h(b) = -60*b**2 + 720*b + 7. Determine h(12).
7
Let g(c) = -6*c**3 - 18*c**2 + 3*c + 9. Give g(-3).
0
Let c(i) = 667*i - 28680. What is c(43)?
1
Let z(y) = 11*y**2 - 30*y + 3. What is z(2)?
-13
Let c(z) = -15*z**2 + 316*z - 6. Determine c(18).
822
Let r(c) = c**2 + 48*c + 551. Determine r(-19).
0
Let t(o) = -o + 72. Give t(19).
53
Let z(m) = -16*m - 679. Determine z(-43).
9
Let r(l) = -62*l - 1360. Give r(-22).
4
Let t(x) = -947*x + 6620. What is t(7)?
-9
Let c(f) = 5*f**2 + 16*f - 192. Determine c(-8).
0
Let b(m) = m**3 - 13*m**2 - 3*m + 115. What is b(13)?
76
Let s(q) = 851*q + 9376. Give s(-11).
15
Let u(b) = 37*b**2 - 82*b + 19. Calculate u(2).
3
Let w(v) = -v - 2. Calculate w(6).
-8
Let r(f) = -202*f - 2044. What is r(-10)?
-24
Let v(y) = -y**2 - 7*y + 493. What is v(-30)?
-197
Let b(v) = -3*v**2 - 12*v - 4. Calculate b(-9).
-139
Let q(a) = -a**3 - 18*a**2 - 26*a + 29. Determine q(-16).
-67
Let t(u) = -387*u + 6188. Give t(16).
-4
Let r(p) = -p**2 + 104*p - 204. Calculate r(2).
0
Let q(s) = 2*s - 8. What is q(64)?
120
Let v(u) = 3443*u - 13780. Give v(4).
-8
Let x(i) = -2*i + 129. Calculate x(66).
-3
Let v(r) = r**2 + 29*r + 294. What is v(-20)?
114
Let n(z) = z**3 + z**2 - 26*z + 40. Calculate n(3).
-2
Let k(p) = -p**3 + 26*p**2 + 6*p - 49. Calculate k(26).
107
Let z(u) = -u**3 + 79*u**2 + 518*u - 684. Calculate z(85).
-4
Let x(j) = -32*j + 2901. Determine x(90).
21
Let c(b) = -80*b - 55. Determine c(-4).
265
Let w(j) = -88*j + 1934. Calculate w(22).
-2
Let p(a) = a**3 - 8*a**2 + a - 4. What is p(7)?
-46
Let c(f) = -30*f + 109. Give c(4).
-11
Let l(o) = -2*o**2 - o + 39. What is l(-8)?
-81
Let c(z) = 59*z - 391. Give c(6).
-37
Let m(o) = 2*o**2 + 171*o - 16855. Give m(-144).
-7
Let i(x) = 32*x - 71. Give i(-4).
-199
Let u(n) = -14*n**3 + 4*n**2 - 3*n + 3. What is u(2)?
-99
Let y(u) = u**3 - 13*u**2 + 26*u - 190. Give y(13).
148
Let o(m) = -m**2 - 36*m - 141. Determine o(-32).
-13
Let i(x) = 7*x**2 + 1117*x + 616. Give i(-159).
-20
Let s(p) = -2243*p + 82986. Give s(37).
-5
Let p(g) = 54*g + 3275. Give p(-61).
-19
Let j(x) = 182*x - 547. Give j(3).
-1
Let o(f) = -8*f**2 - 53*f - 79. Determine o(-4).
5
Let r(u) = -18*u**2 - 41*u + 7. Determine r(-2).
17
Let q(i) = -2*i**2 - 107*i - 1371. Calculate q(-21).
-6
Let u(i) = 716*i**2 + 5727*i - 5. Determine u(-8).
3
Let u(d) = -d**3 - 41*d**2 - 11*d - 72. What is u(-41)?
379
Let y(o) = 30*o**2 + 2642*o + 179. Give y(-88).
3
Let u(h) = -h**3 - 39*h**2 + 37*h - 1848. Calculate u(-41).
-3
Let c(s) = -1530*s - 6116. Determine c(-4).
4
Let r(c) = -c**2 - 24*c - 151. Give r(-8).
-23
Let r(m) = m**3 - m**2 - 14*m + 4. Calculate r(-3).
10
Let m(p) = 2*p**2 + 144*p - 307. Calculate m(-74).
-11
Let l(c) = 43*c**2 + 15*c - 18. Calculate l(-6).
1440
Let q(p) = 53*p**2 + 36*p + 5. Calculate q(-1).
22
Let v(f) = -f**3 + 75*f**2 - 1362*f - 105. Calculate v(44).
-17
Let s(t) = -140*t + 6286. What is s(45)?
-14
Let n(t) = -205*t - 568. Calculate n(-3).
47
Let g(q) = q**3 + q**2 + 3252*q - 1. What is g(0)?
-1
Let d(o) = -12*o - 106. Give d(-25).
194
Let y(h) = -h**3 - 28*h**2 + 11*h - 2534. Give y(-31).
8
Let n(g) = -850*g + 3213. Determine n(4).
-187
Let b(j) = 6*j**2 - 5*j + 3. What is b(0)?
3
Let j(m) = 4*m**3 - 7*m**2 - 142*m + 288. Determine j(2).
8
Let p(u) = 14*u + 65. Give p(-17).
-173
Let o(r) = -17*r**2 - 65*r - 9. Calculate o(-6).
-231
Let w(x) = x**3 - 10*x**2 - 21*x - 10. Give w(12).
26
Let x(d) = -d**3 + d**2 + 15*d + 45. Determine x(-3).
36
Let o(r) = 38627*r + 309020. Give o(-8).
4
Let k(a) = -a**3 + 8*a**2 + 28*a - 501. Determine k(11).
-556
Let b(l) = 8281*l + 248434. What is b(-30)?
4
Let l(j) = j**2 - 30*j + 84. Give l(28).
28
Let x(f) = 2*f**2 + 12*f - 4. Calculate x(-8).
28
Let a(b) = 422*b + 4206. What is a(-10)?
-14
Let n(c) = -118*c + 2102. Give n(18).
-22
Let f(m) = -2*m**3 + 12*m**2 + 3*m + 145. Give f(7).
68
Let t(l) = -40*l**3 + 4*l**2 - 10*l - 13. What is t(3)?
-1087
Let g(b) = -3*b**2 - 20*b - 13. Calculate g(-6).
-1
Let b(f) = -f**3 - 8*f**2 + 39*f + 156. Determine b(-3).
-6
Let f(r) = -38*r + 32. What is f(1)?
-6
Let z(r) = 2*r**2 + 58*r + 378. What is z(-19)?
-2
Let k(z) = 16*z**2 + 199*z + 610. Calculate k(-3).
157
Let k(y) = -y**2 + 121*y - 1566. Give k(15).
24
Let i(s) = -3*s**2 + 62*s + 22. Determine i(16).
246
Let h(a) = 3*a**3 + 55*a**2 + 52*a - 261. Give h(-17).
11
Let k(q) = 26*q - 2146. Determine k(83).
12
Let a(t) = -13*t**2 - 4370*t - 13651. Give a(-333).
2
Let q(d) = -d**3 - 2*d**2 + 62*d + 222. Determine q(-4).
6
Let w(y) = 3*y**3 - 82*y**2 - 137*y - 221. Determine w(29).
11
Let z(i) = -i**3 - 8*i**2 + 15*i - 4. Give z(-8).
-124
Let h(v) = 91*v**2 - 86*v + 84. Determine h(1).
89
Let o(y) = -8*y**2 + 340*y + 173. Calculate o(43).
1
Let n(q) = -40*q - 395. What is n(-7)?
-115
Let a(q) = -20*q + 89. Calculate a(3).
29
Let f(n) = 453*n - 3173. Calculate f(7).
-2
Let y(g) = 238*g + 1810. Determine y(-8).
-94
Let l(x) = -x**3 - 5*x**2 + 13*x + 64. What is l(-4)?
-4
Let p(f) = -f**2 + 65*f - 757. Calculate p(51).
-43
Let q(t) = -t**2 + 55*t + 994. Determine q(-13).
110
Let c(q) = -32*q - 321. Give c(-13).
95
Let x(q) = q**3 + 12*q**2 + 3*q + 2. What is x(0)?
2
Let s(k) = -k**2 + 30*k + 113. Calculate s(17).
334
Let s(o) = 45*o - 111. Determine s(9).
294
Let h(d) = 68*d**3 - 7*d**2 + 4*d - 4. Determine h(2).
520
Let k(i) = i**3 - 8*i**2 - 32*i - 3. What is k(-3)?
-6
Let q(c) = c**3 + 26*c**2 + 29*c + 140. Give q(-25).
40
Let i(z) = -z**2 - 427*z + 5268. Give i(12).
0
Let z(m) = 17*m**2 - 79*m + 3. What is z(0)?
3
Let b(d) = d**3 - 30*d**2 + 201*d - 26. What is b(20)?
-6
Let d(w) = w**3 - 125*w**2 + 24*w + 12410. Determine d(124).
10
Let b(g) = 551*g + 2204. Determine b(-4).
0
Let y(a) = -65*a - 427. Give y(-8).
93
Let w(p) = -276*p + 74252. Calculate w(269).
8
Let h(b) = -13*b + 169. Give h(20).
-91
Let y(t) = -8449*t - 33805. Determine y(-4).
-9
Let z(p) = -p**2 + 381*p + 5085. Give z(-13).
-37
Let u(l) = -79*l + 4902. What is u(62)?
4
Let k(i) = 23*i + 238. What is k(-6)?
100
Let f(g) = 8*g**3 - 4*g**2 - 19*g - 16. What is f(-1)?
-9
Let s(q) = q + 92. Give s(-10).
82
Let r(o) = -4*o**3 + 7*o - 8. Determine r(3).
-95
Let x(o) = -1658*o + 16585. What is x(10)?
5
Let u(n) = -n**3 - 18*n**2 + 85*n + 1524. Give u(-18).
-6
Let w(p) = p**3 - 10*p**2 - 73*p - 50. Give w(15).
-20
Let b(k) = -6*k - 264. Calculate b(-34).
-60
Let p(d) = 7*d**3 - 49*d**2 + 14*d + 14. Calculate p(6).
-154
Let g(c) = 14*c**2 - 674*c + 54. Determine g(48).
-42
Let o(d) = -5946*d - 23780. What is o(-4)?
4
Let j(g) = 5*g**2 + 289*g - 35. Determine j(-58).
23
Let b(s) = s**2 + 75*s - 49. Calculate b(-76).
27
Let t(b) = -3*b**3 + 71*b**2 - 417*b - 47. Determine t(12).
-11
Let n(g) = -34*g**2 - 74*g + 230. What is n(3)?
-298
Let g(c) = 4*c - 62. Determine g(7).
-34
Let n(x) = 583*x - 3485. Give n(6).
13
Let f(d) = -d**2 + 72. What is f(0)?
72
Let t(n) = -n**2 + 3*n - 7. Give t(5).
-17
Let j(m) = m**3 - 15*m**2 - 222*m + 16. Give j(-9).
70
Let t(x) = -x**2 + 21*x + 131. Give t(19).
169
Let h(i) = i**3 - 14*